t y(x) = -36*x + 5. Let g(b) = d*s(b) - 2*y(b). What is g(-1)?
6
Let u(k) = -k - 21. Suppose 12 = -x + 3*l, -5*x = 9*l - 6*l + 96. What is u(x)?
-3
Let k = -503 - -495. Let u(s) = 2*s - 10. Give u(k).
-26
Let u(h) = h**3 - h - 33. Suppose 0 = 4*q + 3*x + 6, 15*x = -2*q + 18*x + 6. Calculate u(q).
-33
Suppose -4*m - 6 = 30*j - 32*j, 0 = -4*m - 4*j - 24. Let z(x) = x**3 + 3*x**2 + 2*x - 1. Give z(m).
-7
Suppose 0 = -3*k - 0 + 6. Let q(o) = -5 - k*o + 0*o + 3*o. What is q(5)?
0
Let z(a) = 20*a**2 - 8*a + 13. Let r(q) = -17*q**2 + 8*q - 12. Let v(g) = -7*r(g) - 6*z(g). Give v(-7).
13
Let t(b) be the second derivative of -1/6*b**3 + 0 + 7*b + 1/2*b**2. Let v be 4/(-1 + 1 - -2). Give t(v).
-1
Suppose 2*j = -r + 15, 37 = r + 2*r + 2*j. Suppose -4*t = i + r, -t + 10 = -2*i - 2*i. Let h(w) = 1 + 2*w**2 + 2*w**2 - 3*w**2 + 0. What is h(i)?
10
Let i(q) be the first derivative of -q**5/5 - q**3/6 + 17*q + 6. Let v(k) be the first derivative of i(k). Give v(1).
-5
Let a(o) = -3*o - 2. Let n be (-3 + -1 + 3)/((-2)/(-6)). What is a(n)?
7
Let i(p) = 47*p - 232. Let f be i(5). Let o(y) be the first derivative of -2 - 1/4*y**4 + 5/3*y**3 - f*y - 3/2*y**2. What is o(4)?
1
Let x(l) = -6*l**2 + 13*l - 7. Let f(d) = -7*d**2 + 14*d - 7. Let s(y) = -5*f(y) + 6*x(y). Let p = -10 - -17. Determine s(p).
0
Suppose 140 = -60*m + 50*m. Let k(c) be the first derivative of -c**4/4 - 14*c**3/3 + c**2/2 + 13*c - 1. Let x be k(m). Let p(s) = -6*s**2 + 1. Give p(x).
-5
Let q(v) = 8*v - 15*v**2 - 13 - v**3 - 5 - 19*v + 7*v. Calculate q(-15).
42
Let x(f) = -2*f**2 + 2*f + 2. Let t be (-25)/1*(1 - (-21)/(-15)). Let s be ((-5)/(-15))/((t/(-12))/(-5)). Calculate x(s).
-2
Let r(y) = -y**2 - 3*y + 4. Let f be r(-2). Let j(l) = l + 1 - 4 + 2. Give j(f).
5
Let r(b) = -2*b + 7. Let z be r(6). Let n be (11 + z)*3/2. Let x(q) = -3 - q + 5 - 3*q**2 + 8*q**3 - n*q**3. Determine x(-2).
0
Let j(y) = -y + 5. Let b(k) = k - 6. Let t be b(1). Let g be (-19)/(-4) + t + (-42)/(-8). Give j(g).
0
Let p(r) = -14*r**2 + 10*r + 14. Let u(y) = y**2 - y - 1. Let g(n) = -p(n) - 12*u(n). Let b = 4600 - 4598. What is g(b)?
10
Let z = 132 - 134. Let o(h) = 7*h - 1. Give o(z).
-15
Suppose -4*s + 44 = -0*q + 5*q, 0 = -3*s + 4*q + 2. Let m(y) = 3*y**2 - 5*y - 4 - 2*y**2 + 0*y**2. Determine m(s).
2
Suppose 4*t + 28 = 8*t. Suppose 3*w + 24 = t*w. Let j(h) = h + 1. Let l(n) = 3*n + 2. Let o(q) = -2*j(q) + l(q). Give o(w).
6
Let g = -26 - -28. Suppose -5*o - g*q + 4 = 0, 2 = 4*o + 5*q - 4*q. Let c(s) = -s**2 + s**2 + 2*s**2 - s**2 + 19 - s. Give c(o).
19
Let i be 0 + 2*(0 + 2). Let a(h) = h**2 + 3*h**3 - 3 - i*h**3 + h + 0*h. Suppose -27 = -3*w - 5*n - 2, 3*w - 5*n + 25 = 0. Calculate a(w).
-3
Let s(d) = -d + 9. Let i be 0/(3 + (1 - 2)). Suppose i = z + 1 - 6. Suppose 4*m - 3*y = 18, 15 = m + 2*y + z. What is s(m)?
3
Let x(q) = -3*q**2 - 3*q + 6. Let i be x(-2). Let b(t) be the third derivative of 1/6*t**3 + i*t + 1/3*t**4 + 0 - 2*t**2. What is b(-1)?
-7
Let s(z) be the first derivative of 3*z**2/2 + z + 17. Suppose -3*t + 0*k + k + 25 = 0, 16 = -4*k. Let i(x) = x - 10. Let m be i(t). Calculate s(m).
-8
Let n(j) = -j**2 - 12*j - 3. Let p be n(-12). Let w(i) = -6*i - 1. Give w(p).
17
Let q(d) = 16*d + 101. Let m(h) = -3*h - 19. Let x(j) = -11*m(j) - 2*q(j). Calculate x(16).
23
Let k = 26/5 + -277/60. Let f(t) be the second derivative of -1/6*t**3 + 7/2*t**2 + 0 + 3*t + k*t**4 - 1/20*t**5. What is f(7)?
0
Let z(y) = -3*y**2 + 2*y - 1. Suppose d + 4 = -d + 2*l, l - 10 = -3*d. Suppose 2*x = -2*r, -13 + 1 = d*r - 4*x. What is z(r)?
-17
Let j be ((-9)/(-6))/((-9)/(-12)). Suppose -6 = -j*n - n. Let i be -2*(-1 - n/(-4)). Let z(b) = 6*b**2 - b + 1. Calculate z(i).
6
Let y(j) = -j**2 + 6*j - 7. Let m = 0 - -1. Let h be (-22 + 6)*(-1)/(-2). Let x be 1/(m/(-3 - h)). Determine y(x).
-2
Let z(b) = 31*b**3 - b**2 + 2*b + 17. Let p(w) = 36*w**3 - 2*w**2 + 2*w + 19. Let h(i) = -6*p(i) + 7*z(i). Calculate h(-5).
-5
Let j(d) = 2*d - 2. Let z(v) = -5*v + 5. Let t(s) = -s**2 - 10*s + 3. Let f be t(-10). Let c(p) = f*z(p) + 7*j(p). Let h be (-2 + 17 + -1)/2. Give c(h).
-6
Suppose -3*l = l. Suppose -3*y + l = 3. Let p(n) be the first derivative of 2*n**2 + 199. Give p(y).
-4
Suppose -7*q - 4 = 2*h - 5*q, 3*h + 9 = -2*q. Let z(m) = -3*m**2 - 7*m - 3. Calculate z(h).
-43
Let d(f) = -f**3 + 6*f**2 - 5*f - 4. Suppose 2*t - y - 53 = 0, -3*t + 112 = -0*y + 5*y. Let r = -24 + t. Suppose -r - 5 = -2*c. Determine d(c).
-4
Suppose 4*h + 15 - 59 = 0. Let x(p) = -h + 0*p + 0 + p - 2*p. Let s be x(-7). Let t(a) = a + 4. Give t(s).
0
Let c(p) = -p**3 + 4*p**2 - 3*p + 1. Suppose 0 = -5*h + 2*u, 2*u = -2*h - u + 19. Suppose 0 = -a - 0*a + h. Suppose 0 = a*j - 4 - 2. Calculate c(j).
1
Suppose 19*q - 137 - 72 = 0. Let f(n) = -n**2 + 14*n - 25. Calculate f(q).
8
Let a = -41 - -45. Let p(i) be the third derivative of 0*i + 1/6*i**3 + 0 + 1/24*i**a - i**2. Determine p(1).
2
Let g = 24 - 24. Suppose -5*b + r - 14 = 0, g = 4*b + r + 4*r + 17. Let n(d) be the second derivative of d**4/12 + 2*d**3/3 + d**2/2 - d. Calculate n(b).
-2
Let s(b) = -5541*b - 5541*b + 7 + 11079*b. Determine s(3).
-2
Let r(f) = 2*f - 5. Suppose 7*l - 54 + 47 = 0. Give r(l).
-3
Suppose -5*p + 0 = -25. Let o(a) = a**3 - 5*a**2 - a + 4. What is o(p)?
-1
Let y(n) = -n + 4 - 2 + 4 - 1. Let q(a) = a - 3. Let t(d) = -7*q(d) - 3*y(d). Determine t(4).
-10
Let r(j) = 7*j + 20. Let q(x) = 13*x + 30. Let f(d) = -3*q(d) + 5*r(d). Calculate f(6).
-14
Let t(y) = -y**3 + 2*y**2 + 2*y - 2. Let r be t(2). Let a be (-27)/(-18) - r/4. Let m be (-5 + (-2 - -6))/a. Let f(h) = -11*h**3 - h**2 + h + 1. Determine f(m).
10
Let y(w) = 21*w + 39. Let s(l) = 13*l + 25. Let f(i) = -8*s(i) + 5*y(i). Suppose r + 2*z = 5*r + 22, 4*r = z - 19. Let g be 4*((-13)/r - 2). Calculate f(g).
0
Let b(m) be the first derivative of m**4/4 - 3*m**3 - 11*m**2/2 + 4*m + 182. Calculate b(10).
-6
Suppose 2*j - 1 + 13 = 0. Let o(f) = f**3 + 9*f**2 - 7*f + 2. Let z(k) = k**3 + 11*k**2 - 8*k. Let s(v) = 3*o(v) - 2*z(v). Determine s(j).
0
Let g(l) = -l + 7. Let i(u) = -2*u**2 + 3*u - 2. Let j be i(2). Let p(t) = -t + 7. Let m(b) = j*p(b) + 3*g(b). Suppose 222*x - 227*x = -35. What is m(x)?
0
Let d(i) be the first derivative of -i**4/12 + 5*i**3/6 + 7*i**2/2 - 7*i + 11. Let a(r) be the first derivative of d(r). Give a(6).
1
Suppose 9 = -3*w + 2*a - 120, 0 = 4*w - 2*a + 172. Let u = w + 22. Let l be 12/(-21) + (-138)/u. Let z(c) = c - 5. Calculate z(l).
1
Let f(t) = 3*t - 6. Let a be f(4). Suppose 2*z = 4*z - a. Let s(l) = -z*l - l - 5 + l - 4*l - l**2. Calculate s(-4).
7
Let k(i) = -i**3 + 12*i**2 - 14*i + 13. Suppose y = -5*q + 26, 10*y + 8 = 11*y - q. Determine k(y).
-20
Let i(g) = -g - 6. Suppose 3 = w + 11. Let c be i(w). Suppose 2*u + 0 - c = -4*y, 4 = -5*u - y. Let o(v) = v**2 - v - 1. Determine o(u).
1
Let g(x) = 4 - 1 + x + 0 + 2 - x**2. Let i be g(0). Let l(j) = 5*j - 2. Let z(t) = 4*t - 1. Let k(n) = -5*l(n) + 6*z(n). Calculate k(i).
-1
Let n(v) be the second derivative of v**7/252 - v**5/120 - v**4 - 2*v. Let m(a) be the third derivative of n(a). What is m(1)?
9
Let j(l) = 1 + l**2 - 2 + 0 - l. Let c be (8/(-10))/((-4)/(-10)). Determine j(c).
5
Let p(b) be the first derivative of -b**4/4 - 4*b**3/3 - 3*b**2/2 + 3*b - 81. Calculate p(-3).
3
Let q(i) = 4*i**3 + i**2 + i - 2. Suppose 4*b + 10 = -3*r, -4*r - 3*b = 4 - 0. Determine q(r).
36
Let k(c) = -3*c**3 + 131*c**2 - 86*c + 18. Let y be k(43). Let v(n) = 2*n**2 - 36*n - 10. Give v(y).
-10
Suppose 62 = -9*g - 10. Let n(b) = b**2 + b - 52. What is n(g)?
4
Let c(x) = -9*x - 1. Let p(b) = 6*b + 10. Let r be p(-1). Suppose 0 = -r*w - 7 - 1. Give c(w).
17
Let l be 7 + -4 - (3 + -2). Let i(z) = z - 8 - z**2 - l + 12 + 3*z**2. Calculate i(-3).
17
Suppose 4*l + 4*u = 0, 60*u - 63*u = 2*l - 4. Let n(b) be the third derivative of -b**5/60 - b**4/8 - b**3/6 + 13*b**2. Determine n(l).
-5
Let v(j) be the first derivative of j**7/840 + 7*j**6/360 - j**5/60 - 5*j**4/12 - 17*j**3/3 + 1. Let c(y) be the third derivative of v(y). Calculate c(-7).
4
Let w(o) = -409*o - 419*o - 8 + 833*o. What is w(8)?
32
Let c(n) = 66 - 22 - 47 + 5*n - 2*n**2 + n. Let y(w) = 2*w. Let r be y(2). Calculate c(r).
-11
Let n(a) = -12*a**3 - 2*a**2 + 51*a + 52. Let k be n(-1). Let m(h) = -h + 18. Give m(k).
7
Let x =